{"id":655,"date":"2025-07-01T15:22:03","date_gmt":"2025-07-01T15:22:03","guid":{"rendered":"https:\/\/salesdelmarmenor.es\/?page_id=655"},"modified":"2025-07-21T10:45:46","modified_gmt":"2025-07-21T10:45:46","slug":"gel-solar-sfp-50-mar-menor","status":"publish","type":"page","link":"https:\/\/salesdelmarmenor.es\/?page_id=655","title":{"rendered":"Gel Solar SFP 50+ Mar Menor"},"content":{"rendered":"\n<div data-aos= \"zoom-in\" data-aos-duration=\"400\" data-aos-delay=\"0\" data-aos-easing=\"ease\" data-aos-once=\"true\" class=\"wp-block-uagb-image uagb-block-f3d140f0 wp-block-uagb-image--layout-default wp-block-uagb-image--effect-zoomin wp-block-uagb-image--align-none\"><figure class=\"wp-block-uagb-image__figure\"><img decoding=\"async\" srcset=\"https:\/\/salesdelmarmenor.es\/wp-content\/uploads\/2025\/07\/MMC-B-18-1024x243.jpg \" sizes=\"auto, (max-width: 480px) 150px\" src=\"https:\/\/salesdelmarmenor.es\/wp-content\/uploads\/2025\/07\/MMC-B-18-1024x243.jpg\" alt=\"\" class=\"uag-image-661\" width=\"1024\" height=\"243\" title=\"\" loading=\"lazy\"\/><\/figure><\/div>\n\n\n\n<div style=\"height:50px\" aria-hidden=\"true\" class=\"wp-block-spacer\"><\/div>\n\n\n\n<p class=\"has-text-align-center has-luminous-vivid-orange-color has-text-color has-link-color has-large-font-size wp-elements-9a75ecc09eec425fccb7c05cc6804557\"><strong><strong><strong><strong>GEL SOLAR SFP 50+ MAR MENOR<\/strong><\/strong><\/strong><\/strong><\/p>\n\n\n\n<div style=\"height:15px\" aria-hidden=\"true\" class=\"wp-block-spacer\"><\/div>\n\n\n\n<p class=\"has-text-align-center has-text-color has-link-color has-medium-font-size wp-elements-8fa437992bd02646cd3f91d809d7fe9a\" style=\"color:#1f6c98\"><strong><strong><strong><strong>SUNSCREEN GEL SPF+50 MAR MENOR<\/strong><\/strong><\/strong><\/strong><\/p>\n\n\n\n<div style=\"height:50px\" aria-hidden=\"true\" class=\"wp-block-spacer\"><\/div>\n\n\n\n<div class=\"wp-block-columns is-layout-flex wp-container-core-columns-is-layout-9d6595d7 wp-block-columns-is-layout-flex\">\n<div class=\"wp-block-column is-layout-flow wp-block-column-is-layout-flow\">\n<div data-aos= \"zoom-in\" data-aos-duration=\"400\" data-aos-delay=\"0\" data-aos-easing=\"ease\" data-aos-once=\"true\" class=\"wp-block-uagb-image aligncenter uagb-block-c265934a wp-block-uagb-image--layout-default wp-block-uagb-image--effect-zoomin wp-block-uagb-image--align-center\"><figure class=\"wp-block-uagb-image__figure\"><img decoding=\"async\" srcset=\"https:\/\/salesdelmarmenor.es\/wp-content\/uploads\/2025\/07\/MMC_Mesa-de-trabajo-1-copia-16-1.png \" sizes=\"auto, (max-width: 480px) 150px\" src=\"https:\/\/salesdelmarmenor.es\/wp-content\/uploads\/2025\/07\/MMC_Mesa-de-trabajo-1-copia-16-1.png\" alt=\"\" class=\"uag-image-1056\" width=\"966\" height=\"565\" title=\"\" loading=\"lazy\"\/><\/figure><\/div>\n\n\n\n<p class=\"has-text-align-left has-medium-font-size\">TEXTURA MUY LIGERA, NO GRASA NI PEGAJOSA, SE ABSORVE RAPIDAMENTEL<\/p>\n\n\n\n<div style=\"height:25px\" aria-hidden=\"true\" class=\"wp-block-spacer\"><\/div>\n\n\n\n<p class=\"has-text-align-left has-medium-font-size\">GEL SOLAR PARA USO FACIAL Y CORPORAL<\/p>\n\n\n\n<div style=\"height:25px\" aria-hidden=\"true\" class=\"wp-block-spacer\"><\/div>\n\n\n\n<p class=\"has-text-align-left has-luminous-vivid-orange-color has-text-color has-link-color has-medium-font-size wp-elements-c2083a4d109334c9c3188fcd44f061b5\">Gel solar ligero, hidratante y de r\u00e1pida absorci\u00f3n, con filtros que brindan protecci\u00f3n UVA y UVB. Es una excelente opci\u00f3n para pieles grasas y mixtas, ya que no deja sensaci\u00f3n pesada ni pegajosa.<\/p>\n<\/div>\n\n\n\n<div class=\"wp-block-column is-vertically-aligned-top is-layout-flow wp-block-column-is-layout-flow\">\n<p class=\"has-text-color has-medium-font-size\" style=\"color:#0a669c\">\u00bfQu\u00e9 es?<\/p>\n\n\n\n<p>Crema solar para la protecci\u00f3n diaria contra los rayos UVA y UVB. Su f\u00f3rmula ligera e hidratante es ideal para pieles normales a secas.<br>Es recomendable para uso diario, actividades al aire libre y exposici\u00f3n solar moderada Crema solar para uso facial y corporal.<\/p>\n\n\n\n<div style=\"height:20px\" aria-hidden=\"true\" class=\"wp-block-spacer\"><\/div>\n\n\n\n<p class=\"has-text-color has-medium-font-size\" style=\"color:#0a669c\">Recomendado para&#8230;<\/p>\n\n\n\n<p>Todo tipo de pieles, incluso las mas delicadas.<\/p>\n\n\n\n<div style=\"height:20px\" aria-hidden=\"true\" class=\"wp-block-spacer\"><\/div>\n\n\n\n<p class=\"has-text-color has-medium-font-size\" style=\"color:#0a669c\">Beneficios<\/p>\n\n\n\n<p>Su textura en cremigel es muy ligera, no grasa ni pegajosa y se absorbe r\u00e1pidamente, dando una sensaci\u00f3n refrescante.<br>F\u00f3rmula realizada con filtros solares microencapsulados con acci\u00f3n protectora frente a UVA y UVB, que se liberan en el momento de su aplicaci\u00f3n, ayudando a mejorar su uso tambi\u00e9n en pieles sensibles.<br>Buena hidrataci\u00f3n sin sensaci\u00f3n grasa. Evita la sequedad y deja una piel suave.<\/p>\n\n\n\n<div style=\"height:20px\" aria-hidden=\"true\" class=\"wp-block-spacer\"><\/div>\n\n\n\n<p class=\"has-text-color has-medium-font-size\" style=\"color:#0a669c\">\u00bfC\u00f3mo se utiliza?<\/p>\n\n\n\n<p>Aplicar generosamente el producto antes de la exposici\u00f3n al sol.<\/p>\n\n\n\n<div style=\"height:20px\" aria-hidden=\"true\" class=\"wp-block-spacer\"><\/div>\n\n\n\n<p class=\"has-text-color has-medium-font-size\" style=\"color:#0a669c\">Consejos<\/p>\n\n\n\n<p>Repetir con frecuencia su aplicaci\u00f3n a fin de mantener la protecci\u00f3n original.<\/p>\n\n\n\n<div style=\"height:20px\" aria-hidden=\"true\" class=\"wp-block-spacer\"><\/div>\n\n\n\n<p class=\"has-text-color has-medium-font-size\" style=\"color:#0a669c\">Principios activos<\/p>\n\n\n\n<p>Mezcla de filtros UVA-UVB<br>Micro-encapsulados.<\/p>\n<\/div>\n<\/div>\n","protected":false},"excerpt":{"rendered":"<p>GEL SOLAR SFP 50+ MAR MENOR SUNSCREEN GEL SPF+50 MAR MENOR TEXTURA MUY LIGERA, NO GRASA NI PEGAJOSA, SE ABSORVE RAPIDAMENTEL GEL SOLAR PARA USO FACIAL Y CORPORAL Gel solar ligero, hidratante y de r\u00e1pida absorci\u00f3n, con filtros que brindan protecci\u00f3n UVA y UVB. Es una excelente opci\u00f3n para pieles grasas y mixtas, ya que [&hellip;]<\/p>\n","protected":false},"author":1,"featured_media":0,"parent":0,"menu_order":0,"comment_status":"closed","ping_status":"closed","template":"","meta":{"_uag_custom_page_level_css":"","footnotes":""},"class_list":["post-655","page","type-page","status-publish","hentry"],"uagb_featured_image_src":{"full":false,"thumbnail":false,"medium":false,"medium_large":false,"large":false,"1536x1536":false,"2048x2048":false},"uagb_author_info":{"display_name":"admin","author_link":"https:\/\/salesdelmarmenor.es\/?author=1"},"uagb_comment_info":0,"uagb_excerpt":"GEL SOLAR SFP 50+ MAR MENOR SUNSCREEN GEL SPF+50 MAR MENOR TEXTURA MUY LIGERA, NO GRASA NI PEGAJOSA, SE ABSORVE RAPIDAMENTEL GEL SOLAR PARA USO FACIAL Y CORPORAL Gel solar ligero, hidratante y de r\u00e1pida absorci\u00f3n, con filtros que brindan protecci\u00f3n UVA y UVB. Es una excelente opci\u00f3n para pieles grasas y mixtas, ya que&hellip;","_links":{"self":[{"href":"https:\/\/salesdelmarmenor.es\/index.php?rest_route=\/wp\/v2\/pages\/655","targetHints":{"allow":["GET"]}}],"collection":[{"href":"https:\/\/salesdelmarmenor.es\/index.php?rest_route=\/wp\/v2\/pages"}],"about":[{"href":"https:\/\/salesdelmarmenor.es\/index.php?rest_route=\/wp\/v2\/types\/page"}],"author":[{"embeddable":true,"href":"https:\/\/salesdelmarmenor.es\/index.php?rest_route=\/wp\/v2\/users\/1"}],"replies":[{"embeddable":true,"href":"https:\/\/salesdelmarmenor.es\/index.php?rest_route=%2Fwp%2Fv2%2Fcomments&post=655"}],"version-history":[{"count":10,"href":"https:\/\/salesdelmarmenor.es\/index.php?rest_route=\/wp\/v2\/pages\/655\/revisions"}],"predecessor-version":[{"id":1061,"href":"https:\/\/salesdelmarmenor.es\/index.php?rest_route=\/wp\/v2\/pages\/655\/revisions\/1061"}],"wp:attachment":[{"href":"https:\/\/salesdelmarmenor.es\/index.php?rest_route=%2Fwp%2Fv2%2Fmedia&parent=655"}],"curies":[{"name":"wp","href":"https:\/\/api.w.org\/{rel}","templated":true}]}}