{"id":820,"date":"2025-07-04T08:14:25","date_gmt":"2025-07-04T08:14:25","guid":{"rendered":"https:\/\/salesdelmarmenor.es\/?page_id=820"},"modified":"2025-07-04T08:48:02","modified_gmt":"2025-07-04T08:48:02","slug":"rutinas-de-limpieza-profunda-y-revitalizacion","status":"publish","type":"page","link":"https:\/\/salesdelmarmenor.es\/?page_id=820","title":{"rendered":"Rutina de Limpieza Profunda y Revitalizaci\u00f3n"},"content":{"rendered":"\n<div class=\"wp-block-uagb-image uagb-block-97aedefa wp-block-uagb-image--layout-default wp-block-uagb-image--effect-zoomin wp-block-uagb-image--align-none\"><figure class=\"wp-block-uagb-image__figure\"><img decoding=\"async\" srcset=\"https:\/\/salesdelmarmenor.es\/wp-content\/uploads\/2025\/07\/Contactosb-cscs.jpg \" sizes=\"auto, (max-width: 480px) 150px\" src=\"https:\/\/salesdelmarmenor.es\/wp-content\/uploads\/2025\/07\/Contactosb-cscs.jpg\" alt=\"\" class=\"uag-image-821\" width=\"1920\" height=\"418\" title=\"\" loading=\"lazy\"\/><\/figure><\/div>\n\n\n\n<div style=\"height:30px\" aria-hidden=\"true\" class=\"wp-block-spacer\"><\/div>\n\n\n<h2 style=\"color:#ba92e3; font-style:italic;font-weight:600;\" class=\"has-text-align-center has-link-color wp-elements-f1de74f2f3141ac80210388603187f9c wp-block-post-title has-text-color\">Rutina de Limpieza Profunda y Revitalizaci\u00f3n<\/h2>\n\n\n<div style=\"height:30px\" aria-hidden=\"true\" class=\"wp-block-spacer\"><\/div>\n\n\n\n<div class=\"wp-block-columns is-layout-flex wp-container-core-columns-is-layout-9d6595d7 wp-block-columns-is-layout-flex\">\n<div class=\"wp-block-column is-vertically-aligned-center is-layout-flow wp-block-column-is-layout-flow\">\n<p class=\"has-text-color has-link-color has-medium-font-size wp-elements-9f830ee0a7f2446af360bf48e6672b52\" style=\"color:#ba92e3\">Eliminar impurezas profundas, c\u00e9lulas muertas y toxinas, dejando la piel fresca y revitalizada.<\/p>\n\n\n\n<div style=\"height:40px\" aria-hidden=\"true\" class=\"wp-block-spacer\"><\/div>\n\n\n\n<p class=\"has-text-color has-link-color has-medium-font-size wp-elements-817f452021317ad2fa8c1eec21f0b1ec\" style=\"color:#ba92e3\">RUTINA SUGERIDA<\/p>\n\n\n\n<div style=\"height:15px\" aria-hidden=\"true\" class=\"wp-block-spacer\"><\/div>\n\n\n\n<ol class=\"wp-block-list\">\n<li>Desmaquillar: Aplicar AGUA MICELAR MAR MENOR con disco de algod\u00f3n.<\/li>\n\n\n\n<li>Limpieza: Masajear con movimientos circulares la LIMPIADORA DERMOSENSITIVA MAR MENOR y aclarar con agua tibia.<\/li>\n\n\n\n<li>Exfoliaci\u00f3n suave: JAB\u00d3N DE LODOS Y SALES DEL MAR MENOR sobre la piel h\u00fameda, masajear y enjuagar.<\/li>\n\n\n\n<li>Mascarilla purificante: Aplicar LODO COSM\u00c9TICO LODOCARE y dejar actuar 15 min. Retirar con agua templada.<\/li>\n\n\n\n<li>Tonificar: Aplicar LOCI\u00d3N T\u00d3NICO BIO MAR MENOR con algod\u00f3n o a toques con las manos para refrescar y preparar la piel.<\/li>\n\n\n\n<li>Hidrataci\u00f3n: Terminar con CREMA FACIAL NEW SKIN.<\/li>\n<\/ol>\n\n\n\n<div style=\"height:25px\" aria-hidden=\"true\" class=\"wp-block-spacer\"><\/div>\n\n\n\n<p class=\"has-text-color has-link-color has-medium-font-size wp-elements-d2affbd4644e68ebe81f31b7302afc61\" style=\"color:#ba92e3\">Forma de aplicaci\u00f3n:<\/p>\n\n\n\n<p>Masajes circulares ascendentes, evitar el contorno de ojos en mascarillas y jabones.<\/p>\n\n\n\n<div style=\"height:15px\" aria-hidden=\"true\" class=\"wp-block-spacer\"><\/div>\n\n\n\n<p class=\"has-text-color has-link-color has-medium-font-size wp-elements-9988a7e6861e8838d04e46653ecfda72\" style=\"color:#ba92e3\">Frecuencia recomendada:<\/p>\n\n\n\n<p>1\u20132 veces por semana.<\/p>\n<\/div>\n\n\n\n<div class=\"wp-block-column is-layout-flow wp-block-column-is-layout-flow\"><div class=\"wp-block-image\">\n<figure class=\"aligncenter size-full\"><img loading=\"lazy\" decoding=\"async\" width=\"833\" height=\"833\" src=\"https:\/\/salesdelmarmenor.es\/wp-content\/uploads\/2025\/07\/mask-300x300-sssss.jpg\" alt=\"\" class=\"wp-image-830\" srcset=\"https:\/\/salesdelmarmenor.es\/wp-content\/uploads\/2025\/07\/mask-300x300-sssss.jpg 833w, https:\/\/salesdelmarmenor.es\/wp-content\/uploads\/2025\/07\/mask-300x300-sssss-300x300.jpg 300w, https:\/\/salesdelmarmenor.es\/wp-content\/uploads\/2025\/07\/mask-300x300-sssss-150x150.jpg 150w, https:\/\/salesdelmarmenor.es\/wp-content\/uploads\/2025\/07\/mask-300x300-sssss-768x768.jpg 768w\" sizes=\"auto, (max-width: 833px) 100vw, 833px\" \/><\/figure>\n<\/div><\/div>\n<\/div>\n\n\n\n<div class=\"wp-block-uagb-separator uagb-block-3646cfee\"><div class=\"wp-block-uagb-separator__inner\" style=\"--my-background-image:\"><\/div><\/div>\n\n\n\n<div style=\"height:30px\" aria-hidden=\"true\" class=\"wp-block-spacer\"><\/div>\n\n\n\n<p class=\"has-text-align-center has-text-color has-link-color wp-elements-cd122293552aa3e97afc0fcd727a55fa\" style=\"color:#ba92e3;font-size:30px;font-style:italic;font-weight:600\">Rutina Hidrataci\u00f3n Profunda, Calmante, Prevenci\u00f3n Anti-edad<\/p>\n\n\n\n<div style=\"height:30px\" aria-hidden=\"true\" class=\"wp-block-spacer\"><\/div>\n\n\n\n<div class=\"wp-block-columns is-layout-flex wp-container-core-columns-is-layout-9d6595d7 wp-block-columns-is-layout-flex\">\n<div class=\"wp-block-column is-vertically-aligned-center is-layout-flow wp-block-column-is-layout-flow\">\n<p class=\"has-text-color has-link-color has-medium-font-size wp-elements-b50c786c6ac5179726014f913d1ac7c2\" style=\"color:#ba92e3\">Hidratar intensamente y calmar la piel sensible, irritada o deshidratada y prevenir signos de envejecimiento prematuro<\/p>\n\n\n\n<div style=\"height:40px\" aria-hidden=\"true\" class=\"wp-block-spacer\"><\/div>\n\n\n\n<p class=\"has-text-color has-link-color has-medium-font-size wp-elements-817f452021317ad2fa8c1eec21f0b1ec\" style=\"color:#ba92e3\">RUTINA SUGERIDA<\/p>\n\n\n\n<div style=\"height:15px\" aria-hidden=\"true\" class=\"wp-block-spacer\"><\/div>\n\n\n\n<ol class=\"wp-block-list\">\n<li>Limpieza: Masajear con movimientos circulares la LIMPIADORA DERMOSENSITIVA MAR MENOR y aclarar con agua tibia.<\/li>\n\n\n\n<li>Tonificar: Aplicar LOCI\u00d3N T\u00d3NICO BIO MAR MENOR con algod\u00f3n o a toques con las manos para refrescar y preparar la piel.<\/li>\n\n\n\n<li>Hidrataci\u00f3n profunda: Aplicar el SERUM RELLENADOR MAR MENOR, presionando suavemente hasta su absorci\u00f3n.<\/li>\n\n\n\n<li>Nutrici\u00f3n: Aplicar con CREMA FACIAL NEW AGE.<\/li>\n\n\n\n<li>Contorno: Usar una peque\u00f1a cantidad de CONTORNO DE OJOS MAR MENOR y aplicar a toques suaves.<\/li>\n<\/ol>\n\n\n\n<div style=\"height:25px\" aria-hidden=\"true\" class=\"wp-block-spacer\"><\/div>\n\n\n\n<p class=\"has-text-color has-link-color has-medium-font-size wp-elements-d2affbd4644e68ebe81f31b7302afc61\" style=\"color:#ba92e3\">Forma de aplicaci\u00f3n:<\/p>\n\n\n\n<p>Masajes ascendentes suaves. Aplicar s\u00e9rum y contorno con la yema de los dedos.<\/p>\n\n\n\n<div style=\"height:15px\" aria-hidden=\"true\" class=\"wp-block-spacer\"><\/div>\n\n\n\n<p class=\"has-text-color has-link-color has-medium-font-size wp-elements-9988a7e6861e8838d04e46653ecfda72\" style=\"color:#ba92e3\">Frecuencia recomendada:<\/p>\n\n\n\n<p>Ma\u00f1ana y noche, diariamente.<\/p>\n<\/div>\n\n\n\n<div class=\"wp-block-column is-layout-flow wp-block-column-is-layout-flow\"><div class=\"wp-block-image\">\n<figure class=\"aligncenter size-full\"><img loading=\"lazy\" decoding=\"async\" width=\"833\" height=\"833\" src=\"https:\/\/salesdelmarmenor.es\/wp-content\/uploads\/2025\/07\/mask-300x300-sssxzz.jpg\" alt=\"\" class=\"wp-image-845\" srcset=\"https:\/\/salesdelmarmenor.es\/wp-content\/uploads\/2025\/07\/mask-300x300-sssxzz.jpg 833w, https:\/\/salesdelmarmenor.es\/wp-content\/uploads\/2025\/07\/mask-300x300-sssxzz-300x300.jpg 300w, https:\/\/salesdelmarmenor.es\/wp-content\/uploads\/2025\/07\/mask-300x300-sssxzz-150x150.jpg 150w, https:\/\/salesdelmarmenor.es\/wp-content\/uploads\/2025\/07\/mask-300x300-sssxzz-768x768.jpg 768w\" sizes=\"auto, (max-width: 833px) 100vw, 833px\" \/><\/figure>\n<\/div><\/div>\n<\/div>\n\n\n\n<div style=\"height:50px\" aria-hidden=\"true\" class=\"wp-block-spacer\"><\/div>\n\n\n<div class=\"wp-block-image\">\n<figure class=\"aligncenter size-large is-resized\"><img loading=\"lazy\" decoding=\"async\" width=\"1024\" height=\"122\" src=\"https:\/\/salesdelmarmenor.es\/wp-content\/uploads\/2025\/07\/Elementos-06-1024x122.png\" alt=\"\" class=\"wp-image-678\" style=\"width:613px;height:auto\" srcset=\"https:\/\/salesdelmarmenor.es\/wp-content\/uploads\/2025\/07\/Elementos-06-1024x122.png 1024w, https:\/\/salesdelmarmenor.es\/wp-content\/uploads\/2025\/07\/Elementos-06-300x36.png 300w, https:\/\/salesdelmarmenor.es\/wp-content\/uploads\/2025\/07\/Elementos-06-768x92.png 768w, https:\/\/salesdelmarmenor.es\/wp-content\/uploads\/2025\/07\/Elementos-06-1536x183.png 1536w, https:\/\/salesdelmarmenor.es\/wp-content\/uploads\/2025\/07\/Elementos-06-2048x244.png 2048w\" sizes=\"auto, (max-width: 1024px) 100vw, 1024px\" \/><\/figure>\n<\/div>","protected":false},"excerpt":{"rendered":"<p>Eliminar impurezas profundas, c\u00e9lulas muertas y toxinas, dejando la piel fresca y revitalizada. RUTINA SUGERIDA Forma de aplicaci\u00f3n: Masajes circulares ascendentes, evitar el contorno de ojos en mascarillas y jabones. Frecuencia recomendada: 1\u20132 veces por semana. Rutina Hidrataci\u00f3n Profunda, Calmante, Prevenci\u00f3n Anti-edad Hidratar intensamente y calmar la piel sensible, irritada o deshidratada y prevenir signos [&hellip;]<\/p>\n","protected":false},"author":1,"featured_media":0,"parent":0,"menu_order":0,"comment_status":"closed","ping_status":"closed","template":"","meta":{"_uag_custom_page_level_css":"","footnotes":""},"class_list":["post-820","page","type-page","status-publish","hentry"],"uagb_featured_image_src":{"full":false,"thumbnail":false,"medium":false,"medium_large":false,"large":false,"1536x1536":false,"2048x2048":false},"uagb_author_info":{"display_name":"admin","author_link":"https:\/\/salesdelmarmenor.es\/?author=1"},"uagb_comment_info":0,"uagb_excerpt":"Eliminar impurezas profundas, c\u00e9lulas muertas y toxinas, dejando la piel fresca y revitalizada. RUTINA SUGERIDA Forma de aplicaci\u00f3n: Masajes circulares ascendentes, evitar el contorno de ojos en mascarillas y jabones. Frecuencia recomendada: 1\u20132 veces por semana. Rutina Hidrataci\u00f3n Profunda, Calmante, Prevenci\u00f3n Anti-edad Hidratar intensamente y calmar la piel sensible, irritada o deshidratada y prevenir signos&hellip;","_links":{"self":[{"href":"https:\/\/salesdelmarmenor.es\/index.php?rest_route=\/wp\/v2\/pages\/820","targetHints":{"allow":["GET"]}}],"collection":[{"href":"https:\/\/salesdelmarmenor.es\/index.php?rest_route=\/wp\/v2\/pages"}],"about":[{"href":"https:\/\/salesdelmarmenor.es\/index.php?rest_route=\/wp\/v2\/types\/page"}],"author":[{"embeddable":true,"href":"https:\/\/salesdelmarmenor.es\/index.php?rest_route=\/wp\/v2\/users\/1"}],"replies":[{"embeddable":true,"href":"https:\/\/salesdelmarmenor.es\/index.php?rest_route=%2Fwp%2Fv2%2Fcomments&post=820"}],"version-history":[{"count":23,"href":"https:\/\/salesdelmarmenor.es\/index.php?rest_route=\/wp\/v2\/pages\/820\/revisions"}],"predecessor-version":[{"id":863,"href":"https:\/\/salesdelmarmenor.es\/index.php?rest_route=\/wp\/v2\/pages\/820\/revisions\/863"}],"wp:attachment":[{"href":"https:\/\/salesdelmarmenor.es\/index.php?rest_route=%2Fwp%2Fv2%2Fmedia&parent=820"}],"curies":[{"name":"wp","href":"https:\/\/api.w.org\/{rel}","templated":true}]}}